 + -10274?
-10268
In base 11, what is -3 - 1a02?
-1a05
In base 16, what is -17 - -37?
20
In base 13, what is -13 + -17a?
-190
In base 4, what is -133002 - 12?
-133020
In base 2, what is 1000111 + 10?
1001001
In base 8, what is -76 - 13?
-111
In base 16, what is -5 + -1d6d?
-1d72
In base 6, what is 405 - 100?
305
In base 11, what is 2 + 207?
209
In base 7, what is -46 + 2?
-44
In base 8, what is -51 + -36?
-107
In base 5, what is -21 + -31?
-102
In base 13, what is b + -153b?
-1530
In base 4, what is -220 + 2131?
1311
In base 4, what is 211 - 13?
132
In base 5, what is -13 - -330?
312
In base 13, what is 463 - 5?
45b
In base 14, what is -9 - 15?
-20
In base 7, what is -1 + -12354?
-12355
In base 13, what is -308 - 1?
-309
In base 7, what is 15 + -5?
10
In base 7, what is 14 - -55?
102
In base 10, what is 8608 + 2?
8610
In base 7, what is 16 + 60?
106
In base 9, what is -148 + 3?
-145
In base 4, what is -110 + -312?
-1022
In base 13, what is 399 - -9?
3a5
In base 4, what is 200 - 0?
200
In base 7, what is 452 - -2?
454
In base 12, what is -5 + -4b7?
-500
In base 13, what is -2 + -13?
-15
In base 3, what is 1210 - -100?
2010
In base 12, what is -4b - 3?
-52
In base 3, what is 10 + -2221?
-2211
In base 6, what is -2 - -2543?
2541
In base 8, what is 4 + 7154?
7160
In base 5, what is -243 - -1?
-242
In base 14, what is -4ac6 + 5?
-4ac1
In base 10, what is 44 + 55?
99
In base 6, what is -2 - -131?
125
In base 15, what is 2e - -6?
35
In base 13, what is -2 - -346?
344
In base 14, what is -123 - 5?
-128
In base 5, what is 2 + -40?
-33
In base 14, what is 33b + 18?
355
In base 2, what is 0 + 10101?
10101
In base 16, what is 12 + -25?
-13
In base 14, what is -6 + d?
7
In base 12, what is -61 - -7?
-56
In base 11, what is 1 + 25?
26
In base 11, what is 3 - -179?
181
In base 2, what is -10000 + -10101101101?
-10101111101
In base 5, what is -143103 + 0?
-143103
In base 15, what is -5c3a + -5?
-5c40
In base 12, what is 15 + 6a?
83
In base 12, what is 5 - 8b?
-86
In base 4, what is -3101 + 3?
-3032
In base 12, what is -10 - 10?
-20
In base 8, what is 6 - -2?
10
In base 8, what is -5 + -246?
-253
In base 15, what is 1c2 + 9?
1cb
In base 14, what is 4 - -16?
1a
In base 14, what is -48 - -3?
-45
In base 11, what is 1a43 - 2?
1a41
In base 15, what is b8 + -5?
b3
In base 15, what is -78 - -18?
-60
In base 2, what is 11100 + 100010000?
100101100
In base 8, what is -1 - -546?
545
In base 16, what is -bf7b - 2?
-bf7d
In base 9, what is -3 - 24?
-27
In base 4, what is -2313 - -11?
-2302
In base 5, what is -14 + -424?
-443
In base 2, what is -111 - -10011100?
10010101
In base 9, what is 453 + 0?
453
In base 14, what is 3c + -178?
-13a
In base 3, what is 2220 - -2?
2222
In base 8, what is 5 + -26?
-21
In base 6, what is 2 + 24?
30
In base 11, what is 11a + -5?
115
In base 8, what is -2 - -664?
662
In base 5, what is 32 + -40?
-3
In base 2, what is -1 + 10111101110?
10111101101
In base 15, what is -1b57 - 5?
-1b5c
In base 14, what is 3aa - 6?
3a4
In base 9, what is 0 - -426?
426
In base 8, what is -160 - 3?
-163
In base 9, what is -3 - 646?
-650
In base 8, what is 5 + 671?
676
In base 3, what is 100010 - -1?
100011
In base 13, what is -4 + 180?
179
In base 6, what is -5 + -13?
-22
In base 16, what is 13e4 - -2?
13e6
In base 13, what is 16a - 5?
165
In base 12, what is 13b - 4?
137
In base 6, what is 12343 + 3?
12350
In base 3, what is 2012011 + -20?
2011221
In base 12, what is -3 + 192b?
1928
In base 13, what is 466 - 5?
461
In base 9, what is -52 + 4?
-47
In base 15, what is 184 - 3?
181
In base 14, what is 8 - -65?
6d
In base 4, what is -1 + 11312?
11311
In base 8, what is 3 + -126?
-123
In base 15, what is -5 - -20e?
209
In base 16, what is 11 + 5?
16
In base 8, what is 712 + 1?
713
In base 8, what is -5 - 1451?
-1456
In base 2, what is -101 + 1010110000?
1010101011
In base 11, what is 366 - -23?
389
In base 11, what is 5 + -1166?
-1161
In base 3, what is 20110 - 1?
20102
In base 14, what is cc + -5?
c7
In base 7, what is -43 + 16?
-24
In base 16, what is 2 + 9f?
a1
In base 13, what is -1a - -22?
5
In base 4, what is 2 + -1221120?
-1221112
In base 6, what is 205 + -122?
43
In base 8, what is -241 - -1?
-240
In base 6, what is -33101 + -1?
-33102
In base 9, what is 4 - 166?
-162
In base 13, what is 22 + -3?
1c
In base 4, what is 0 - -1311?
1311
In base 16, what is 21 - b?
16
In base 12, what is 92 - 42?
50
In base 12, what is -3a - 2b?
-69
In base 6, what is -1145 - 5?
-1154
In base 8, what is -71260 - -3?
-71255
In base 11, what is 3 - a1?
-99
In base 6, what is 3 + 5?
12
In base 9, what is 331 + -4?
326
In base 7, what is -1244 - 3?
-1250
In base 3, what is 0 - -1110?
1110
In base 10, what is -2 - 118?
-120
In base 7, what is -3 - -1130?
1124
In base 6, what is -1 - -34?
33
In base 16, what is -2 - 5?
-7
In base 14, what is 355 - 2?
353
In base 15, what is -2e61 + 0?
-2e61
In base 4, what is 20 - 122?
-102
In base 5, what is 12 - -113?
130
In base 3, what is -1211 + 110?
-1101
In base 15, what is -1 + -2d?
-2e
In base 14, what is -150 - 2?
-152
In base 11, what is 0 - 0?
0
In base 2, what is 10010 - -101?
10111
In base 16, what is -29 - -1?
-28
In base 6, what is 5 + 240?
245
In base 15, what is -25cb + 1?
-25ca
In base 3, what is -1 - -11211021?
11211020
In base 5, what is 1 - -1401?
1402
In base 16, what is 5 - -3a?
3f
In base 15, what is 523 - 3?
520
In base 10, what is -31 - -7?
-24
In base 12, what is 3 - -19b?
1a2
In base 11, what is -484 - -4?
-480
In base 15, what is -1a + 1e8?
1cd
In base 5, what is 13 + -22324?
-22311
In base 14, what is 83 + 6?
89
In base 11, what is 5 + -4740?
-4736
In base 9, what is -11 - -26?
15
In base 11, what is -2056 - 0?
-2056
In base 9, what is -3 - 25?
-28
In base 2, what is -1110010 - -11111?
-1010011
In base 3, what is 2 - 22120?
-22111
In base 16, what is -a - -a?
0
In base 16, what is -4f54 - 2?
-4f56
In base 2, what is 100101010 - -10?
100101100
In base 6, what is 3 - 35?
-32
In base 12, what is a05 - -3?
a08
In base 6, what is -55 - 5?
-104
In base 6, what is 431 + 4?
435
In base 15, what is -3e + -1d?
-5c
In base 15, what is 1bc + 7?
1c4
In base 10, what is 37 - 95?
-58
In base 3, what is 12 + 11112221?
11120010
In base 10, what is 25 - -4?
29
In base 4, what is 0 - -210002?
210002
In base 4, what is 11 + 11?
22
In base 8, what is 220 - -5?
225
In base 9, what is -271 + -22?
-303
In base 9, what is -243 + 5?
-237
In base 3, what is 10 + 100012?
100022
In base 9, what is -4 - 1400?
-1404
In base 5, what is 10 + 33044?
33104
In base 8, what is -41 - -40?
-1
In base 13, what is 7 - 41?
-37
In base 9, what is -428 - -5?
-423
In base 3, what is 220 - 12?
201
In base 16, what is 5 + -c98?
-c93
In base 9, what is -10 - -342?
332
In base 3, what is -122202 + -10?
-122212
In base 12, what is 1 - -20?
21
In base 14, what is 5 + -117?
-112
In base 14, what is 1d - 8?
15
In base 14, what is d8 + 2?
da
In base 13, what is 4 - 0?
4
In base 8, what is -7263 - 2?
-7265
In base 2, what is 10101 - 1001?
1100
In base 7, what is -60 - -3?
-54
In base 2, what is 11 - 111000011?
-111000000
In base 7, what is 5 - -44?
52
In base 2, what is -100 - 100100?
-101000
In base 12, what is -55 + 13?
-42
In base 14, what is -1b1 - 0?
-1b1
In base 10, what is 2 + 49?
51
In base 9, what is -17 + 126?
108
In base 6, what is -12533 - 3?
-12540
In base 14, what is c1 + -20?
a1
In base 9, what is -17 + 200?
172
In base 15, what is 124 + -5?
11e
In base 12, what is 3 - -276?
279
In base 14, what is 1 - -127?
128
In base 16, what is 171 - -4?
175
In base 16, what is -113 - 1?
-114
In base 11, what is 546 + 2?
548
In base 7, what is 5 - 510?
-502
In base 10, what is 2 - -341?
343
In base 10, what is 5 + 18?
23
In base 11, what is 0 + 7?
7
In base 14, what is 2 + -241?
-23d
In base 6, what is -233 - -22?
-211
In base 9, what is 1 + -100?
-88
In base 14, what is -bb - -2?
-b9
In base 14, what is 79 + ba?
155
In base 6, what is 10551 - 0?
10551
In base 14, what is -4 - a27?
-a2b
In base 7, what is 1 + -311?
-310
In base 10, what is -4 - 2166?
-2170
In base 14, what is -5 + 21?
1a
In base 9, what is 18 - 1205?
-1176
In base 5, what is -2 + 24124?
24122
In base 6, what is -3 + 450?
443
In base 8, what is 0 + -7356?
-7356
In base 8, what is -3 + -511?
-514
In bas